divided by p.
12
Suppose -6*c + 3*c = -33. Suppose 26 = 2*g - 36. What is the remainder when g is divided by c?
9
Let t = 34 - -5. Calculate the remainder when t is divided by 10.
9
Let l(o) = -o + 15. Let m be l(7). Suppose 14 + 6 = 5*c. Suppose c*s = m, 2*s - 25 - 10 = -j. Calculate the remainder when j is divided by 16.
15
Let n(z) be the second derivative of -z**5/20 + z**4/3 + z**3/6 + z**2/2 - z. What is the remainder when n(4) is divided by 3?
2
Let i(r) = -5*r + 9. Let l(v) = -v**3 - v**2 + v - 2. Calculate the remainder when i(-3) is divided by l(-3).
11
Let k = -36 - -57. Calculate the remainder when 81 is divided by k.
18
Let k be 4 - 3 - 12*2. Let l = k + 38. What is the remainder when 27 is divided by l?
12
Let b be 3/5 + 17/5. Let t = b + 7. Calculate the remainder when -1 - (-4 - -1) - -18 is divided by t.
9
Calculate the remainder when 102 is divided by 3 + -3 - 7*-3.
18
Let k be ((-165)/10)/((-1)/2). Let l = k + -15. Calculate the remainder when 33 is divided by l.
15
Let c = -2 - -4. Suppose 3 = 3*y - 3. What is the remainder when y is divided by c?
0
Suppose k + 1 = 0, 3*v + 2*k = 4*k + 122. What is the remainder when v is divided by 14?
12
Let u(d) = d**2 - 25*d - 70. Calculate the remainder when u(29) is divided by 12.
10
Suppose -18 = -3*k + 4*n + 6, 0 = -2*k + 2*n + 16. Calculate the remainder when 18 is divided by k.
2
Let u = -3 + 13. What is the remainder when 86/u - (-3)/(-5) is divided by 5?
3
Let x(v) = v**2 + v + 43. What is the remainder when x(0) is divided by 9?
7
Let l be (-4)/(-6)*-6*-1. Suppose 5*b - 5*m + 16 = 171, 4*m = -l*b + 132. Calculate the remainder when b is divided by 11.
10
Let m(f) = f**3 + 9*f**2 + 2*f + 3. What is the remainder when m(-4) is divided by 19?
18
Let l = 47 + 50. What is the remainder when l is divided by 33?
31
Let r(c) = c**2 + 4*c - 6. Let p(a) = a**3 + a - 7. Let t be p(0). What is the remainder when r(t) is divided by 4?
3
Let i be (2/5)/((-4)/2540). Calculate the remainder when i/(-10) - (-8)/(-20) is divided by 13.
12
Calculate the remainder when 55 is divided by (-1)/((-3)/(14*3)).
13
Let i(l) = 2*l - 2. Let h be i(3). Suppose -h*s + 124 = -0*s. Calculate the remainder when s is divided by 17.
14
Let s = 8 + -3. Calculate the remainder when 8 is divided by s.
3
Suppose -3*o + 0*o = -l + 23, -3*l + 3*o + 57 = 0. Calculate the remainder when 32 is divided by l.
15
Let q be (-4)/16 + (-164)/(-16). What is the remainder when 32/10 - 2/q is divided by 1?
0
Let w(n) = -n**3 + 8*n**2 + 5*n + 8. Let p be w(8). What is the remainder when 34 is divided by (9/(-4))/((-6)/p)?
16
Let x = 4 + 10. What is the remainder when 52 is divided by x?
10
Let g = 19 - 10. Suppose 2*t - 22 = -b, t + b - 2 - g = 0. What is the remainder when t is divided by (-1)/(-2) - (-14)/4?
3
Suppose 2*s + 3 = 7. Suppose -5*i + 2*h = -71, -2*h + 20 = s*i - 0. Let a(d) = 19*d - 1. Calculate the remainder when a(2) is divided by i.
11
Suppose -2*t + 2*i + 16 = 0, 7*t - 5 = 3*t - 5*i. Calculate the remainder when 31 is divided by t.
1
Let k = -23 - -10. Let y be -1*(-1 + 1 + k). Suppose -w - y = -2*w. Calculate the remainder when 37 is divided by w.
11
Let q(y) = -y**3 + 13*y**2 - 9*y - 20. Suppose 5*n + 5*t = 215, n = -n + 2*t + 102. What is the remainder when n is divided by q(12)?
15
Let i(s) = -s**2 + 15*s + 13. Calculate the remainder when i(11) is divided by 30.
27
Let z be (1/1)/(1/3). Let b = z - 0. What is the remainder when b is divided by 2?
1
Suppose -t - 2*t + 126 = 0. What is the remainder when t is divided by 11?
9
Let b = -8 - -66. Calculate the remainder when b is divided by 15.
13
Suppose -3*q + 285 = 3*r, -70 = -3*r + q + 211. What is the remainder when r is divided by 19?
18
Let c(a) = -5 - 9*a + 4 + 10*a. Let z be c(-1). Calculate the remainder when 37 - (z - -3)*1 is divided by 19.
17
Suppose 3*c + 12 = 0, u + 44 = 3*u - 5*c. Suppose -99 = -4*v + v. Suppose 77 = 2*f + v. What is the remainder when f is divided by u?
10
Let t = -7 + 8. What is the remainder when t - -2 - 0 - -7 is divided by 3?
1
Let c(k) = 14*k**3 - k**2 - 2*k + 3. Calculate the remainder when c(1) is divided by 5.
4
Suppose -4*i + 0*i + 40 = 0. Let b = -1 + 5. Suppose -f = -2*f - b*o + 25, o = -f + i. Calculate the remainder when f is divided by 3.
2
What is the remainder when 51 + 3 + 2 - 2 is divided by 19?
16
Let k = 105 - 89. What is the remainder when 253 is divided by k?
13
Let m(c) = 39*c + 1. Let i be m(2). Suppose -3*v + i = 2*a + 3*a, 0 = -3*a + 4*v + 59. What is the remainder when a is divided by (-3)/(-2 - (-5)/3)?
8
Suppose 9*h - 62 - 19 = 0. What is the remainder when 50 is divided by h?
5
Let c(g) = 16*g - 3. Calculate the remainder when c(3) is divided by 16.
13
Let w = 77 - 53. Suppose 5*z - w = -3*i + 16, -3*z + 15 = 0. Suppose 12 = 3*r - r + 4*b, -i*r + 5*b + 15 = 0. Calculate the remainder when 10 is divided by r.
2
Let k(r) = r - 8. Let v(a) = 5*a - 41. Let l(b) = -11*k(b) + 2*v(b). Let c be l(6). Suppose 4*i = -c*i + 48. What is the remainder when i is divided by 7?
5
Suppose -13 + 1 = -4*o. Suppose -o*a = 4*f - 96 - 16, -4*a - f = -171. What is the remainder when a is divided by 23?
21
Calculate the remainder when 0 - (-7 + 4) - -21 is divided by 13.
11
Let p(d) be the third derivative of d**6/120 - d**3/3 + 2*d**2. What is the remainder when (-8)/(-36) + 88/9 is divided by p(2)?
4
Let a be 2*1/2 + 6. What is the remainder when 41 is divided by 149/a - 2/7?
20
Let u be -23 - (-1 - 2 - -4). Calculate the remainder when 6 is divided by (3/(-9))/(2/u).
2
Suppose -k = -2*n + 55, -n + 6*n - 133 = -2*k. Suppose 0 = 8*g - 12*g + 208. Calculate the remainder when g is divided by n.
25
Let w = 27 - 11. Let z(a) = a**3 + 7*a**2 + 5*a - 1. Calculate the remainder when w is divided by z(-6).
1
Let x = 134 - 115. What is the remainder when 92 is divided by x?
16
Suppose -44 = 4*n + 196. Let m = 49 - n. Let j = m + -54. Calculate the remainder when j is divided by 19.
17
Let v(s) = 3*s + 4. Let k = -20 + 12. Let x = 13 + k. Calculate the remainder when v(3) is divided by x.
3
Let s = 6 - 4. Suppose 5*d + 4 = -s*c + 1, 2*d + 30 = -4*c. Let h = 14 + c. Calculate the remainder when h is divided by 3.
2
Let f be 28/(-4) - (-1 - -3). Suppose 4*m - 79 = -19. Calculate the remainder when m is divided by (-148)/(-18) + 2/f.
7
Suppose 17 = 4*v + 1. Suppose u + 8 = 3*i, -4*i + 32 = -0*u + v*u. Suppose 6 + 42 = u*r. Calculate the remainder when r is divided by 5.
2
Calculate the remainder when 37*((-9)/(-7) + 8/(-28)) is divided by 20.
17
Suppose 0*a = 5*a - 45. What is the remainder when (68/(-8))/((-2)/4) is divided by a?
8
Let t be (2/(-6))/(5/(-60)). What is the remainder when ((-2)/t)/((-1)/44) is divided by 8?
6
Suppose -a + 11 = 5*c, -33 = -2*a - a + 4*c. Let y(q) = q**2 + q. Let i be y(1). Suppose -7*l = -i*l - 20. Calculate the remainder when a is divided by l.
3
Let d = -5 + 11. Let u = d + 2. Calculate the remainder when 30 is divided by u.
6
Let w be 0 + 11 + -2 - 2. Let s = 13 - w. Calculate the remainder when s is divided by 3.
0
Suppose -2*f = -f - 28. Let w be (-3)/(-6) - 3/6. Suppose w = -3*d + 41 - 11. What is the remainder when f is divided by d?
8
Suppose d - 24 = 2*n, 2*n + 26 = 2*d - 12. Calculate the remainder when d is divided by 4.
2
Let i be (-15)/20 - 38/(-8). Suppose -4*r + 24 = 4*m, 0*m + 48 = 4*m - i*r. Calculate the remainder when 16 is divided by m.
7
Suppose 5*l + 2*c = 15, 2*c + c + 10 = -l. Suppose 16 = -l*o + 136. Let q(r) = r**3 - 3*r**2 - 6*r - 1. Calculate the remainder when q(6) is divided by o.
23
Suppose -4*w + 24 = -2*w. What is the remainder when 27 is divided by 15/w*(6 - -2)?
7
Let i = -14 + 32. Calculate the remainder when 71 is divided by i.
17
Let r = -19 - -27. What is the remainder when 12 is divided by r?
4
Suppose 5*q - 2*q - 369 = 0. Let l be q/3 - 2 - -3. Calculate the remainder when (-12)/l - 44/(-7) is divided by 3.
0
Let c be 335/30 + 1/(-6). Suppose -3*j - p = 2*p - 69, -2*j + c = -5*p. Calculate the remainder when 53 is divided by j.
17
Let s be 260/25 + 2/(-5). Suppose 5*n - 12 = 2*n, -z - 5*n = -67. Let k = z - s. What is the remainder when k is divided by 13?
11
Suppose 3*r + 3*c = 90, 0 = -3*r + 6*r - 3*c - 90. Let i = r - 9. What is the remainder when 83 is d